{"id":297,"date":"2022-08-18T22:03:55","date_gmt":"2022-08-18T22:03:55","guid":{"rendered":"https:\/\/www.azylgozdanin.pl\/?page_id=297"},"modified":"2024-10-25T06:13:28","modified_gmt":"2024-10-25T06:13:28","slug":"programy","status":"publish","type":"page","link":"https:\/\/www.azylgozdanin.pl\/index.php\/programy\/","title":{"rendered":"Programy"},"content":{"rendered":"\n<div class=\"wp-block-themeisle-blocks-advanced-columns has-2-columns has-desktop-oneTwo-layout has-tablet-equal-layout has-mobile-collapsedRows-layout has-default-gap has-vertical-unset\" id=\"wp-block-themeisle-blocks-advanced-columns-72c09fbd\" style=\"border-width:0px;border-style:solid;border-color:#000000;border-radius:0px;justify-content:unset\"><div class=\"wp-themeisle-block-overlay\" style=\"opacity:0.5;mix-blend-mode:normal\"><\/div><div class=\"innerblocks-wrap\">\n<div class=\"wp-block-themeisle-blocks-advanced-column\" id=\"wp-block-themeisle-blocks-advanced-column-09d2d233\" style=\"border-width:0px;border-style:solid;border-color:#000000;border-radius:0px\">\n<figure class=\"wp-block-image size-large\"><img loading=\"lazy\" decoding=\"async\" width=\"835\" height=\"294\" src=\"https:\/\/www.azylgozdanin.pl\/wp-content\/uploads\/2022\/08\/flaga-i-godlo-polski-1.jpg\" alt=\"\" class=\"wp-image-298\" srcset=\"https:\/\/www.azylgozdanin.pl\/wp-content\/uploads\/2022\/08\/flaga-i-godlo-polski-1.jpg 835w, https:\/\/www.azylgozdanin.pl\/wp-content\/uploads\/2022\/08\/flaga-i-godlo-polski-1-300x106.jpg 300w, https:\/\/www.azylgozdanin.pl\/wp-content\/uploads\/2022\/08\/flaga-i-godlo-polski-1-768x270.jpg 768w\" sizes=\"(max-width: 767px) 89vw, (max-width: 1000px) 54vw, (max-width: 1071px) 543px, 580px\" \/><figcaption>Dofinansowano ze \u015brodk\u00f3w bud\u017cetu Pa\u0144stwa<\/figcaption><\/figure>\n<\/div>\n\n\n\n<div class=\"wp-block-themeisle-blocks-advanced-column\" id=\"wp-block-themeisle-blocks-advanced-column-1458f680\" style=\"border-width:0px;border-style:solid;border-color:#000000;border-radius:0px\">\n<p><strong>&#8220;Pokona\u0107 bezdomno\u015b\u0107. Program pomocy osobom bezdomnym.&#8221; &#8211; edycja 2022<\/strong><\/p>\n\n\n\n<p>Modu\u0142 III: Infrastruktura, cel: Wsparcie podmiot\u00f3w w dostosowaniu prowadzonych przez nie plac\u00f3wek \u015bwiadcz\u0105cych us\u0142ugi dla bezdomnych do obowi\u0105zuj\u0105cych standard\u00f3w. Dzia\u0142anie nr 1 oraz 2.<\/p>\n\n\n\n<p><strong>Dofinansowanie 58 600,00 z\u0142<\/strong><\/p>\n\n\n\n<p><strong>Ca\u0142kowita warto\u015b\u0107 inwestycji 65 200,00 z\u0142<\/strong><\/p>\n<\/div>\n<\/div><\/div>\n\n\n\n<div class=\"wp-block-image\"><figure class=\"alignleft size-large is-resized\"><img loading=\"lazy\" decoding=\"async\" src=\"https:\/\/www.azylgozdanin.pl\/wp-content\/uploads\/2024\/10\/logo.png\" alt=\"\" class=\"wp-image-311\" width=\"248\" height=\"68\"\/><\/figure><\/div>\n\n\n\n<p><\/p>\n\n\n\n<p>Bardzo si\u0119 cieszymy z faktu, \u017ce Fundacja Biedronki w ramach programu <strong>&#8220;\u017bywno\u015bciowy SOS&#8221;<\/strong> w dniu 30 wrzesnia 2024 r. wspar\u0142a nas sum\u0105 <strong>7 500,00 z\u0142<\/strong>.  <\/p>\n\n\n\n<p class=\"has-text-align-center\"> Jest to dla nas bardzo wymierna pomoc, za kt\u00f3r\u0105 jeste\u015bmy Fundacji bardzo wdzi\u0119czni. <\/p>\n","protected":false},"excerpt":{"rendered":"<p>Bardzo si\u0119 cieszymy z faktu, \u017ce Fundacja Biedronki w ramach programu &#8220;\u017bywno\u015bciowy SOS&#8221; w dniu 30 wrzesnia 2024 r. wspar\u0142a nas sum\u0105 7 500,00 z\u0142. Jest to dla nas bardzo wymierna pomoc, za kt\u00f3r\u0105 jeste\u015bmy Fundacji bardzo wdzi\u0119czni.<\/p>\n","protected":false},"author":2,"featured_media":0,"parent":0,"menu_order":0,"comment_status":"closed","ping_status":"closed","template":"","meta":{"footnotes":""},"class_list":["post-297","page","type-page","status-publish","hentry"],"_links":{"self":[{"href":"https:\/\/www.azylgozdanin.pl\/index.php\/wp-json\/wp\/v2\/pages\/297"}],"collection":[{"href":"https:\/\/www.azylgozdanin.pl\/index.php\/wp-json\/wp\/v2\/pages"}],"about":[{"href":"https:\/\/www.azylgozdanin.pl\/index.php\/wp-json\/wp\/v2\/types\/page"}],"author":[{"embeddable":true,"href":"https:\/\/www.azylgozdanin.pl\/index.php\/wp-json\/wp\/v2\/users\/2"}],"replies":[{"embeddable":true,"href":"https:\/\/www.azylgozdanin.pl\/index.php\/wp-json\/wp\/v2\/comments?post=297"}],"version-history":[{"count":7,"href":"https:\/\/www.azylgozdanin.pl\/index.php\/wp-json\/wp\/v2\/pages\/297\/revisions"}],"predecessor-version":[{"id":317,"href":"https:\/\/www.azylgozdanin.pl\/index.php\/wp-json\/wp\/v2\/pages\/297\/revisions\/317"}],"wp:attachment":[{"href":"https:\/\/www.azylgozdanin.pl\/index.php\/wp-json\/wp\/v2\/media?parent=297"}],"curies":[{"name":"wp","href":"https:\/\/api.w.org\/{rel}","templated":true}]}}